{"id":445,"date":"2025-02-14T15:15:42","date_gmt":"2025-02-14T18:15:42","guid":{"rendered":"https:\/\/www.formaurbana.ufes.br\/?page_id=445"},"modified":"2025-02-17T10:36:06","modified_gmt":"2025-02-17T13:36:06","slug":"programa-iniciacao-cientifica-piic-ufes","status":"publish","type":"page","link":"https:\/\/www.formaurbana.ufes.br\/index.php\/forma-urbana\/programa-iniciacao-cientifica-piic-ufes\/","title":{"rendered":"Programa Inicia\u00e7\u00e3o Cient\u00edfica [PIIC-UFES]"},"content":{"rendered":"","protected":false},"excerpt":{"rendered":"","protected":false},"author":1,"featured_media":0,"parent":64,"menu_order":0,"comment_status":"closed","ping_status":"closed","template":"full-width","meta":{"saved_in_kubio":true,"footnotes":""},"class_list":["post-445","page","type-page","status-publish","hentry"],"kubio_ai_page_context":{"short_desc":"","purpose":"general"},"_links":{"self":[{"href":"https:\/\/www.formaurbana.ufes.br\/index.php\/wp-json\/wp\/v2\/pages\/445","targetHints":{"allow":["GET"]}}],"collection":[{"href":"https:\/\/www.formaurbana.ufes.br\/index.php\/wp-json\/wp\/v2\/pages"}],"about":[{"href":"https:\/\/www.formaurbana.ufes.br\/index.php\/wp-json\/wp\/v2\/types\/page"}],"author":[{"embeddable":true,"href":"https:\/\/www.formaurbana.ufes.br\/index.php\/wp-json\/wp\/v2\/users\/1"}],"replies":[{"embeddable":true,"href":"https:\/\/www.formaurbana.ufes.br\/index.php\/wp-json\/wp\/v2\/comments?post=445"}],"version-history":[{"count":2,"href":"https:\/\/www.formaurbana.ufes.br\/index.php\/wp-json\/wp\/v2\/pages\/445\/revisions"}],"predecessor-version":[{"id":517,"href":"https:\/\/www.formaurbana.ufes.br\/index.php\/wp-json\/wp\/v2\/pages\/445\/revisions\/517"}],"up":[{"embeddable":true,"href":"https:\/\/www.formaurbana.ufes.br\/index.php\/wp-json\/wp\/v2\/pages\/64"}],"wp:attachment":[{"href":"https:\/\/www.formaurbana.ufes.br\/index.php\/wp-json\/wp\/v2\/media?parent=445"}],"curies":[{"name":"wp","href":"https:\/\/api.w.org\/{rel}","templated":true}]}}